(-33)/77 + (-3)/(-7). Suppose 12*f - 630 - 2946 = n. What are the prime factors of f?
2, 149
Suppose 0 = -2*z - 3*a + 6626, 5*z - a - 18767 + 2219 = 0. Suppose 5*p = 5*h - z, 0 = h + 3*p - 454 - 204. What are the prime factors of h?
661
Suppose 7*p - 8*p = -2. Suppose -p*w - 5*z + 542 = 0, -2*w - 3*z = -0*z - 550. What are the prime factors of w?
281
Let b(y) = -y**2 + 2*y + 2. Let s be b(4). Let z(r) = -r**3 - 4*r**2 + 9*r - 2 - 2*r**2 - 3 + 1 + 2*r**2. What are the prime factors of z(s)?
2, 7
Let f(r) = 749*r**3 - r**2 - 4*r + 3. Let q be f(1). Suppose -k + 333 = -o, 3*k + 4*o - q - 266 = 0. What are the prime factors of k?
5, 67
Let b(u) = u**3 - 16*u**2 - 17*u - 4. Let h be b(17). Let l(i) = -i**2 - 7*i - 5. Let s be l(h). Let c(f) = 4*f**2 - 10*f. What are the prime factors of c(s)?
2, 3, 7
Suppose 2*g - 6*g - 3*u = -143744, 3*g = 4*u + 107783. What are the prime factors of g?
35933
Let o(b) = -b**3 - 2*b**2 + 2*b - 183. Suppose -1 = -15*u - 1. Let d be o(u). Let m = -53 - d. List the prime factors of m.
2, 5, 13
Suppose -4*g + 2*g + 10 = 0. Suppose 4*u - g = -z + 17, -8 = -2*u + z. Suppose 0 = -6*l + u*l + 33. What are the prime factors of l?
3, 11
Let w(i) = -i**3 + 2*i**2 + i - 21. Suppose 12*m + 12 = 10*m. What are the prime factors of w(m)?
3, 29
Let q be (2/6)/((-1)/(-9)). Let f(v) = 19*v**3 - 2*v**2 - 3*v + 11. List the prime factors of f(q).
7, 71
Suppose 27 = 5*y - 2*l, y - 5*l - 8 = 2. Let g be (-2)/(-4) + -1 + y/(-2). What are the prime factors of (-2732)/(-20) + ((-6)/5)/g?
137
What are the prime factors of (1036/20)/((-29)/(-17690))?
2, 7, 37, 61
Let k = 130787 + -66797. What are the prime factors of (-1)/4 + k/120?
13, 41
Suppose -2 = -13*s - 28. What are the prime factors of 5/s - -2 - 3009/(-6)?
3, 167
Let h = -734 - -4977. What are the prime factors of h?
4243
Let d = 56 - 24. Suppose d*k - 27*k = 30. Suppose -52 = k*x - 8*x. What are the prime factors of x?
2, 13
Suppose 0 = 1183*k - 1289*k + 4609198. List the prime factors of k.
11, 59, 67
Let q(c) = -60*c**3 + c**2 + 2*c + 1. Let j be q(-1). Suppose -a = -r - 1, 4*a - r = -0*r + 10. Suppose -a*y - j = -204. List the prime factors of y.
2, 3
Suppose v = -5*j + 79275 - 14698, -2*j + 4*v + 25866 = 0. What are the prime factors of j?
12917
Let g(r) = r**2 - 4*r**2 + 70 + 2*r**2 + 5824*r - 5946*r - r**2. List the prime factors of g(-33).
2, 7, 137
Let i(w) be the first derivative of w**4/2 - 4*w**3 + 38*w - 5. What are the prime factors of i(10)?
2, 419
Let l = 5240 + 3768. List the prime factors of l.
2, 563
Let b(r) = -30*r - 41. Let m be b(-10). Let j = m + -198. What are the prime factors of j?
61
Let b = -177 + 181. Suppose -r + 4*h + 36 = 0, b*h = -3*r + 2*h + 122. What are the prime factors of r?
2, 5
Suppose -3*g - 5*n = -12699, -392*n + 390*n = 2*g - 8462. What are the prime factors of g?
2, 7, 151
Suppose 0 = 3*o - 3*q - 218646, -2*q - 73118 = 5*o - 437549. What are the prime factors of o?
3, 5, 43, 113
Suppose -72*i - 3*c + 9424 = -70*i, 5*i = -2*c + 23571. List the prime factors of i.
5, 23, 41
Suppose -3*d + 553 = -20632 - 47203. List the prime factors of d.
2, 41, 139
Suppose 17*j = 13*j + 420. Let w = j + -86. Suppose -21*c + w*c = -110. What are the prime factors of c?
5, 11
Suppose -510*r + 251*r - 123336 = -261*r. List the prime factors of r.
2, 3, 571
Let z(c) = -c**2 + 21*c + 31. Let p = -111 - -106. Let x be 3 + 1 - (p + 1). What are the prime factors of z(x)?
3, 5
Suppose 1028*b - 1060*b + 488288 = 0. List the prime factors of b.
15259
Suppose -2*d - 2*x = -31250, 0*d = -d - 5*x + 15645. List the prime factors of d/36 + (-2)/(-18).
2, 7, 31
Let q(w) = -w. Let a be q(-4). Suppose a*o - o - 930 = 0. What are the prime factors of o?
2, 5, 31
Suppose 4*t - 11 - 85 = 0. Suppose 2*q + 2*q = t. What are the prime factors of (27 - -2)/(3/q)?
2, 29
Suppose 541 = 11*j - 3342. Suppose 2*k + j = 1523. What are the prime factors of k?
3, 5, 13
Let h = 31745 - 22632. What are the prime factors of h?
13, 701
Let n = -23134 - -40620. List the prime factors of n.
2, 7, 1249
Let p(a) = 5*a**3 - 73*a**2 + 4*a + 39. Let g(m) = 3*m**3 - 37*m**2 + 2*m + 20. Let z(w) = -11*g(w) + 6*p(w). What are the prime factors of z(-12)?
2, 5, 71
Let p(l) = -475*l + 7814. List the prime factors of p(-59).
35839
Let g be 27*(-2)/12*1048/(-3). Suppose 0 = 4*k + x - 5*x - g, 2*k - 3*x - 790 = 0. What are the prime factors of k?
389
Suppose 0 = -4*w - 3*v + 79 + 112, 5*v = -15. Suppose -46 = 8*o + w. What are the prime factors of 5/(-15) - 1120/o?
3, 31
Let w(h) = -3*h**3 + 7*h**2 + 7*h - 8. Let y be w(4). What are the prime factors of 24/y - (-1177)/5?
5, 47
Suppose 3*l + 7290 = 2*i, -l = 2*i - 827 - 6471. What are the prime factors of i?
2, 3, 19
Let s(d) = -775*d - 537. List the prime factors of s(-7).
2, 13, 47
Suppose -3*r + 4*x = -5234, -4*x = -2*r + 4600 - 1104. Suppose 2*l = -2*t + 1768, -2*l + 4*t + 0*t + r = 0. List the prime factors of l.
3, 293
Let z = 76 + 497. Let t = z + -331. What are the prime factors of t?
2, 11
Let f(l) = -l - 8. Let h(q) = 141*q + 275. Let p(r) = 4*f(r) + h(r). What are the prime factors of p(5)?
2, 29
What are the prime factors of (1*2/12)/((-4)/(-624696))?
26029
Let z(d) = 2*d - 9. Let a be z(7). Let b(f) = 7*f**2 - 3*f + 5. Let y be b(a). Suppose 0*q - 3*c + 567 = 3*q, -q + 5*c = -y. What are the prime factors of q?
5, 37
Suppose 47*b = 226*b - 443889 - 331002. List the prime factors of b.
3, 13, 37
Let j be 5/1*-3 - (85 + -88). Let r(f) = -9*f + 31. List the prime factors of r(j).
139
Let i(s) = -87*s**2 + 2*s - 1. Let w(d) = -d**3 + 4*d**2 - 2*d - 2. Let x be w(3). Let y be i(x). Let b = y - -139. What are the prime factors of b?
53
Let m = 142311 - 96731. What are the prime factors of m?
2, 5, 43, 53
Let z(w) = -w**2 + 1. Let x(b) = -3*b**2 + 21*b - 22. Let n(y) = -x(y) - z(y). Let f(j) = -4*j**2 - 30*j - 5. Let k be f(-7). List the prime factors of n(k).
2, 3, 13
Let n = 19 - 14. Suppose -4*x + 24 = -4*j, -2*x = -j + n*j + 6. Let z(o) = 62*o - 5. List the prime factors of z(x).
181
Suppose -k + 3*d + 1040 = 0, -1592 = -3*k - 3*d + 1528. Suppose -k = -3*g + 217. Let r = -240 + g. What are the prime factors of r?
179
Let j(m) = 3229*m**2 + 14*m - 67. List the prime factors of j(4).
7, 47, 157
Let r be (-27)/3 + 0 + -3 + 5. Let g be (1 + 2)/3 - (3 + r). Suppose 0 = 5*j - 5*h - 444 - 91, -g*j + 540 = -4*h. What are the prime factors of j?
2, 7
Suppose 5*a - 3*p = -516, 4*p + 233 = -3*a - 94. Let d = a + 195. What are the prime factors of d?
2, 3, 5
Let x(b) = 12*b**2 - 5 + 12*b**2 - 12*b - 23*b**2. Let w be x(15). List the prime factors of (-402)/(-8)*w/15.
2, 67
Let w(d) = -d**3 - 87*d**2 - 572*d + 62. List the prime factors of w(-81).
2, 7, 251
Suppose 4*r = 91 - 127. List the prime factors of (228/r - 0)*(-21)/28.
19
Suppose -3*v - 271 = a, 3*v + 286 = 3*a + 19. Let j = v - -142. Let o = 96 - j. What are the prime factors of o?
2, 11
Suppose 205*f - 203*f = 3284. Suppose -s + t = -644, -2*t - 1563 = -5*s + f. List the prime factors of s.
3, 71
Let v(c) = 4*c + 59. Let i be v(-14). Suppose i*t - 3*n = 2909 + 202, 0 = -n. What are the prime factors of t?
17, 61
Let d(g) = 25*g + 94. Let u be d(6). Suppose 0 = -5*s + 126 + u. What are the prime factors of s?
2, 37
Suppose -15 = -5*p, 4*j + 234*p = 232*p + 21030. List the prime factors of j.
2, 3, 73
Suppose 131591 = -13*w + 383830. List the prime factors of w.
19403
Suppose -267*o = -287*o + 77720. List the prime factors of o.
2, 29, 67
Let r(c) = 44*c**2 + 8*c + 124. What are the prime factors of r(10)?
2, 1151
Let j(d) be the third derivative of 83*d**5/30 + 4*d**4/3 + 11*d**3 + 105*d**2. List the prime factors of j(-2).
2, 3, 37
Suppose -120*y + 5670 = -119*y. List the prime factors of y.
2, 3, 5, 7
What are the prime factors of ((-1030)/25)/((-6)/(-30))*324/(-6)?
2, 3, 103
Let q(x) be the first derivative of 3*x**4/4 - 11*x**3/3 - 11*x**2/2 - 12*x - 53. List the prime factors of q(6).
2, 3, 29
Let g = 33000 + -20488. List the prime factors of g.
2, 17, 23
Let n(p) = 15*p + 131. Let u be n(11). Let y = u - -86. List the prime factors of y.
2, 191
Let w = 23597 - -8037. List the prime factors of w.
2, 15817
Let i be ((-2)/(-6))/((-1)/21). Suppose -12*s = -9*s + 129. Let a = i - s. List the prime